e units digit of d?
2
Let a = -130 - -335. Let y = a - 124. What is the units digit of y?
1
Let o(l) = l + 7. Let d be o(0). Suppose -2*m + 3*m = 22. Suppose 6*i = d*i - m. What is the units digit of i?
2
Let w be (1/(3/(-18)))/(-2). Suppose 2*o + 120 = -w*o. Let y = o - -43. What is the tens digit of y?
1
Let v(y) = -y**3 + 9*y**2 - 2*y - 9. Let f be v(8). Let w = -24 - f. What is the units digit of 7/w + (-577)/(-9)?
4
Let u = -8057 - -13703. What is the tens digit of u?
4
Suppose -3*f - 281 = -5*g, -g = 2*f - 22 - 42. Suppose o - 3*j - g = 2*j, -o + 3*j + 50 = 0. What is the tens digit of o?
3
Let o = 92 + -21. Suppose 2*j = 217 - o. What is the units digit of j?
3
Let b(n) = -n**3 + n**2 + 45. Suppose 5*z = -l + 20, 4*l - 3*z - z + 16 = 0. Let g be b(l). Suppose i - g = -7. What is the tens digit of i?
3
Let s = 63 - -362. What is the tens digit of s/4 + 6/(-24)?
0
Suppose 93 = -9*t + 10*t. What is the units digit of t?
3
Let m = 264 + -131. What is the units digit of m?
3
Let r(d) be the second derivative of -d**4/3 + d**3/6 - d**2 + 3*d. Let h be r(-2). What is the tens digit of 14 - (-5)/(h/12)?
1
Let n be (-3 - (3 - 11))*1. Suppose -9 = -a - n*d + d, -3*a + 4*d - 21 = 0. Let m = 10 - a. What is the units digit of m?
3
Let t(g) = -141*g**3 - 2*g**2 - 3*g + 3. What is the units digit of t(-2)?
9
Let n(j) = j**2 - j - 1. Let z(p) = 10*p**2 + 12*p - 7. Let g(y) = -3*n(y) + z(y). What is the units digit of g(-5)?
6
Suppose -3*v = -0*v - 858. Suppose 0 = -u + 3*q + 69, v = 4*u + q + 23. What is the units digit of u?
6
Suppose 7*d - 1764 = d. Suppose -23*i + 29*i - d = 0. What is the tens digit of i?
4
Let a = -86 + 452. What is the hundreds digit of a?
3
Suppose 4806 = -11*t + 2*t. What is the hundreds digit of 0/4 - (-1 + t/2)?
2
Let t be (5 + -66 + -5)/(-2). Suppose -34*d = -t*d - 87. What is the tens digit of d?
8
Let p = -269 - -457. Suppose p = x - 0*x + m, 2*m = -4. What is the units digit of x?
0
Let h(p) = -2*p**3 - 58*p**2 + 20*p + 22. What is the thousands digit of h(-30)?
1
Suppose 8*z + 15*z = 40181. What is the tens digit of z?
4
Let o(j) = 470*j**3 - 8*j**2 - 5*j + 4. What is the units digit of o(2)?
2
Let f be (4/6)/(4/12). Suppose -4*q + 2*h = -6, 2*q + h - 18 = -h. What is the units digit of (-1 + (q - f))/1?
1
Let y = 73 + 191. Suppose 2*h + 2*t = y, 0 = -2*h - 4*t + 152 + 102. What is the tens digit of h?
3
Suppose 0 = 3*a + a - z - 33, 2*a + 5*z = 11. Suppose -5 - 5 = -5*j + 4*n, 4*j + 3*n - a = 0. What is the units digit of (3/(-6))/(j/(-92))?
3
Let b = 1391 - 1001. What is the units digit of b?
0
Suppose -36146 = -12*w + 30898. What is the thousands digit of w?
5
Let d(c) be the first derivative of 29*c**2/2 + 4*c + 7. Let q be d(4). Suppose 5*x - 70 = q. What is the tens digit of x?
3
Let m = -6 + 10. Suppose 2*q - 6 = m*q. What is the units digit of (-5 - -4)/(q/45)?
5
What is the hundreds digit of ((-88)/10)/((-25)/1750)?
6
Let i(l) = -l**3 + 3*l**2 + 3*l - 3. Let y be i(2). Suppose y*t + 58 = 898. What is the units digit of t?
0
Suppose -18*q + 17*q - 1582 = -5*c, 3*c - 936 = 5*q. What is the hundreds digit of c?
3
Let d be (-1)/(-6)*9*2. Suppose 5*t = 3*r - 616, 4*r + 328 - 1188 = -d*t. What is the units digit of r?
2
Suppose -4*x = 3*i + 102 - 40, -x - 6 = -4*i. What is the tens digit of x/(-56) + (-142)/(-8)?
1
Let d(u) = 68*u - 79. What is the hundreds digit of d(9)?
5
Let i(v) = -9*v**3 - 3*v**2 - 14*v - 4. What is the hundreds digit of i(-3)?
2
Suppose 3*m + 617 - 3680 = 0. What is the units digit of m?
1
What is the hundreds digit of (23190/5)/(-33 + 36)?
5
Let u(l) = l**2 + 10*l - 4. Let j be u(-11). Suppose -4*b + j*b + 12 = 0. What is the units digit of (-1 + 2)*b/(-2)?
2
Suppose 0*f + 3*f = 3*t, -5*t - 4*f = -45. Suppose -3*l + 103 = -4*x, -82 - 138 = -t*l - 3*x. What is the tens digit of l?
4
Let i = 798 - 146. What is the units digit of i?
2
Let a = 649 - 117. Suppose -u - 30 = -5*n - 143, -4*n = -4*u + a. Let g = -71 + u. What is the tens digit of g?
6
Let t(z) = -z**2 - 5*z - 5. Let v be t(-5). Let f(p) = -p**3 - 2*p + 2*p**2 - 6*p**2 + 6*p - p + 3. What is the units digit of f(v)?
3
What is the thousands digit of 2336 - (12 + -10)/(-1)?
2
Let f = 145 + -77. Suppose 0 = r - 3*r + f. Suppose 0 = -4*i + r + 90. What is the tens digit of i?
3
Let k(q) = q**2 - 8*q + 1. Let m be k(7). Let s = -1 - m. Suppose v + 116 = s*v. What is the units digit of v?
9
What is the hundreds digit of (-116)/12*1*105/(-5)?
2
Suppose 2*r = 20 - 8. Let i(p) = -2*p**2 + 14*p - 4. What is the units digit of i(r)?
8
Suppose -2*w = -4*i - 42, -2*i + 103 = 2*w + w. Let z = w - 9. Suppose 3*g = 92 + z. What is the units digit of g?
8
Let r(b) = -b**3 + 4*b**2 + 8*b - 7. Let a be r(5). Suppose 39 = 9*s - 24. Suppose 17 = -s*z + a*z. What is the units digit of z?
7
Suppose -4 + 0 = -2*k. Suppose 2*w + k*w - 232 = 0. Let d = w - 35. What is the units digit of d?
3
Suppose 0 = -2*g - 3*d + 19, -5 - 16 = 2*g - 5*d. Suppose w - 2*s - 246 = -g*w, -3*w + 246 = 5*s. What is the units digit of w?
2
Suppose 135 + 394 = 2*r - 3*l, -r - 4*l = -237. What is the tens digit of r?
5
Let f(t) = t - 3*t - 3 + 3*t. Let g be f(3). Suppose 0 = -g*q + 2*q - 8. What is the units digit of q?
4
Let q(n) = 3*n**2 + 18*n - 39. What is the units digit of q(11)?
2
What is the hundreds digit of 699 + 3/(15/35)?
7
Let m(i) = -3*i**2 + 6*i + 11. Let f be m(-6). Let s = -86 - f. What is the units digit of s?
7
What is the tens digit of ((306144/56)/9)/((-2)/(-7))?
2
Suppose 2*a = -3*a + b + 15, 3*a + 2*b - 9 = 0. Suppose -99 = -5*p + a*m, -p + 5 + 7 = 2*m. Suppose 3*k - 18 = p. What is the units digit of k?
2
Suppose 4*h - 12636 = 2*f, 0 = -50*h + 49*h - 3*f + 3152. What is the tens digit of h?
5
Let p(y) = y**2 + y + 2. Let a be ((-6)/(-9))/(6/(-18)). Let q be p(a). What is the units digit of 12/q*(15 - 3)?
6
Let h be 1/((-4)/(4 + -8))*-1. What is the units digit of 86 - h/1*-2?
4
Let y(w) = 6*w**3 + 2*w**2 - 19*w - 5. Let v(a) = -3*a**3 - a**2 + 10*a + 3. Let k(m) = -5*v(m) - 3*y(m). Let u = 52 + -55. What is the tens digit of k(u)?
5
Let f = 1461 + -896. What is the units digit of f?
5
Let r = 16 + -16. Suppose r = 6*f - 655 - 227. What is the tens digit of f?
4
Let x(r) = 82*r - 287. What is the tens digit of x(4)?
4
Suppose 5*b = s + b + 14, 5*s + b - 14 = 0. Suppose -5*g + 32 = 3*o, 0 = -4*o - s*g - 3*g + 36. Suppose 0 = 2*k - o*k + 2. What is the units digit of k?
1
Let h be (((-1)/(-2))/((-22)/(-44)))/1. What is the hundreds digit of h + -5 - (-2 - 117)?
1
Let d(y) = -y**2 + 10*y. Let i be d(10). Let n be 4/(-6) + (-1336)/(-24). Suppose 0*f + 4*f - a - 44 = i, -5*f + 5*a = -n. What is the units digit of f?
1
Let a(g) be the second derivative of 5*g**4/12 + 8*g**3/3 + 7*g**2/2 - 14*g. What is the units digit of a(-6)?
1
Let b be ((-6)/(-18))/(((-10)/36)/(-5)). Suppose -b*d = -3*d - 183. What is the tens digit of d?
6
Let v(a) = 166*a + 22. What is the tens digit of v(6)?
1
Suppose -2*r - 128 = -2*v - 4*r, 4*v + 2*r = 246. Suppose -15 = -4*s - v. What is the units digit of (-2)/6*(5 + s)?
2
Suppose -827 = -7*n + 6411. What is the hundreds digit of n?
0
Let r be ((-4 + 0)/4)/1*179. Let n = -116 - r. What is the units digit of n?
3
Let r = -5 - -7. Let v = -71 + 211. Suppose 3*o + r*o = v. What is the units digit of o?
8
Let d(z) = -645*z - 81. What is the thousands digit of d(-4)?
2
Suppose 5*q + b - 2*b - 5 = 0, 3*b - 15 = 0. Suppose 119 = -x + q*x + n, 0 = x + 5*n - 99. What is the tens digit of x?
2
Suppose 4*m + 24 = w, 0 = 4*w - 0*m - 5*m - 140. Let y = 96 - w. What is the units digit of y?
6
Let p = 6 - 4. Suppose -10*g + 19 = -351. Suppose 2*l - 5*a + p*a - 17 = 0, 2*l + a = g. What is the tens digit of l?
1
Let g(s) = s**2 - 14*s + 25. Let l be g(11). What is the units digit of 222/4*(2 + l/12)?
4
Let z = -380 + 814. What is the units digit of z?
4
Let p(s) = s**3 + 7*s**2 + 10*s + 2. Let t be p(-4). Let b(v) = 13*v + 12. What is the hundreds digit of b(t)?
1
Let h = -28 - -63. What is the hundreds digit of -4 + h/5 - (-113 - -2)?
1
Suppose -2*y + 97 = 2*y + 3*h, -2*y - h + 49 = 0. Let z be (-5)/(-1)*15/y. Suppose 53 = z*o - 4*b, -1 = -2*o + 4*b + 29. What is the units digit of o?
3
Let h(f) = 12*f**2 - f + 24. Let x(r) = -2*r**2 - 4. Let y(n) = 